a multiple of 352?
True
Is 59554752 a multiple of 32?
True
Is 23431383 a multiple of 27?
True
Is 581333540 a multiple of 10?
True
Does 776 divide 264254384?
True
Is 1026632309 a multiple of 17?
False
Does 21 divide 18867933?
True
Does 54 divide 51687342?
True
Is 250 a factor of 429288500?
True
Is 33668479 a multiple of 4?
False
Does 13 divide 122116919?
False
Does 43 divide 175733027?
False
Is 476243 a multiple of 5?
False
Does 814 divide 652021817?
False
Does 551 divide 421119933?
True
Is 61352270 a multiple of 14?
True
Does 80 divide 140516000?
True
Does 138 divide 8437734?
True
Is 14734257 a multiple of 17?
True
Is 15 a factor of 6708633?
False
Is 18411739 a multiple of 7?
False
Is 99901445 a multiple of 11?
False
Does 9 divide 32190075?
True
Is 823045014 a multiple of 15?
False
Is 19141792 a multiple of 332?
True
Is 411 a factor of 106987872?
False
Is 1700399447 a multiple of 71?
False
Does 1555 divide 1005019640?
False
Is 131912850 a multiple of 29?
False
Is 563 a factor of 6399606?
False
Is 1395 a factor of 11729160?
True
Does 97 divide 23753554?
True
Is 20448418 a multiple of 918?
False
Does 3 divide 3846885?
True
Does 1533 divide 4095607211?
False
Does 1542 divide 838766274?
True
Does 2322 divide 1422789093?
False
Is 116 a factor of 105843259?
False
Is 40 a factor of 164980320?
True
Is 4028202 a multiple of 558?
True
Is 91 a factor of 70599952?
False
Does 1738 divide 59188444?
False
Is 238 a factor of 318802935?
False
Is 45 a factor of 20949209?
False
Does 3 divide 1461606?
True
Is 19 a factor of 70359546?
True
Does 541 divide 1743794011?
False
Is 5 a factor of 286694353?
False
Does 130 divide 290282980?
True
Is 16 a factor of 11057694?
False
Does 91 divide 208349232?
True
Does 15 divide 891458960?
False
Is 354 a factor of 17481936?
True
Is 9832298 a multiple of 10?
False
Is 135 a factor of 139460805?
True
Is 372 a factor of 8472300?
True
Does 125 divide 70173533?
False
Does 1308 divide 37941156?
True
Is 303 a factor of 106942032?
True
Is 41793404 a multiple of 88?
False
Is 1598164875 a multiple of 129?
True
Is 57797096 a multiple of 4?
True
Does 75 divide 409822725?
True
Does 109 divide 662619175?
True
Is 1945 a factor of 5146756?
False
Does 419 divide 1422455139?
True
Does 31 divide 869247077?
False
Is 67054096 a multiple of 8?
True
Is 17 a factor of 3150440?
True
Does 315 divide 181132245?
True
Is 27 a factor of 153490005?
True
Is 4699123767 a multiple of 13?
True
Does 1040 divide 29699860?
False
Is 429978980 a multiple of 68?
False
Does 13 divide 116444644?
False
Is 1281555 a multiple of 55?
True
Does 147 divide 2496934988?
False
Is 88 a factor of 4646861120?
True
Is 219248565 a multiple of 219?
True
Is 41 a factor of 512958175?
True
Is 527 a factor of 18096126?
True
Is 3057507661 a multiple of 1819?
False
Is 1556990870 a multiple of 4977?
False
Does 17 divide 116555468?
True
Does 10 divide 2143614989?
False
Does 992 divide 323251136?
True
Does 28 divide 37672397?
False
Is 13654736 a multiple of 223?
True
Is 96355116 a multiple of 3303?
True
Is 3576975005 a multiple of 81?
False
Does 6 divide 629588683?
False
Is 37 a factor of 8662773?
True
Is 5931637 a multiple of 8?
False
Is 253429573 a multiple of 135?
False
Is 6549092 a multiple of 44?
True
Is 13724800 a multiple of 100?
True
Is 18 a factor of 33871320?
True
Is 41 a factor of 109067260?
False
Is 103 a factor of 185423381?
True
Is 1391 a factor of 13830713?
True
Is 182963954 a multiple of 566?
False
Is 77 a factor of 114677816?
False
Does 754 divide 98350252?
True
Does 11 divide 40636504?
False
Does 53 divide 149294905?
True
Is 465 a factor of 13678905?
True
Is 2668668397 a multiple of 323?
False
Does 175 divide 45238664?
False
Is 66 a factor of 51790689?
False
Is 33996080 a multiple of 5?
True
Does 444 divide 2414488419?
False
Is 157 a factor of 384074745?
False
Does 1100 divide 1102905100?
True
Does 215 divide 747006409?
False
Does 32 divide 453006944?
True
Is 287351430 a multiple of 870?
True
Is 3 a factor of 3980352?
True
Is 4115298636 a multiple of 1017?
True
Is 353734445 a multiple of 4?
False
Does 21 divide 885387614?
False
Is 3523 a factor of 2471465529?
True
Does 182 divide 450537198?
False
Is 3600 a factor of 33506940?
False
Does 9845 divide 5391926122?
False
Is 14 a factor of 1870691268?
False
Is 509916982 a multiple of 2?
True
Does 8 divide 13065884?
False
Is 949 a factor of 10190362?
True
Is 181 a factor of 29595620?
False
Is 186 a factor of 5813530?
False
Is 346 a factor of 93380293?
False
Is 717316720 a multiple of 2060?
True
Is 29 a factor of 28425884?
False
Is 257910198 a multiple of 7?
True
Does 64 divide 5598237?
False
Does 1356 divide 75611916?
True
Is 131096871 a multiple of 160?
False
Does 11 divide 41538266?
True
Is 2326 a factor of 100085454?
True
Is 20 a factor of 361070136?
False
Is 59073174 a multiple of 13?
False
Is 415 a factor of 9649995?
True
Is 32839645 a multiple of 746?
False
Does 2399 divide 116862734?
False
Does 4 divide 15090212?
True
Does 121 divide 24631101?
False
Is 732 a factor of 8921269?
False
Does 244 divide 9741473?
False
Is 1210 a factor of 7476748?
False
Is 4 a factor of 1565049663?
False
Is 7923 a factor of 2682513879?
True
Is 45972313 a multiple of 74?
False
Is 250753128 a multiple of 134?
True
Is 510 a factor of 18662527?
False
Is 40337619 a multiple of 516?
False
Is 24 a factor of 1232688?
True
Is 2 a factor of 1095400?
True
Does 249 divide 45846129?
True
Does 63 divide 66816652?
False
Is 186161101 a multiple of 10?
False
Is 341 a factor of 42114196?
False
Is 22070010 a multiple of 1488?
False
Is 62505037 a multiple of 67?
True
Does 79 divide 595765077?
False
Does 212 divide 346146389?
False
Is 187819395 a multiple of 36?
False
Is 216713994 a multiple of 3162?
True
Does 30 divide 168427350?
True
Does 2 divide 31025751?
False
Is 41 a factor of 173741324?
False
Does 21 divide 94709968?
False
Is 439 a factor of 27418298?
False
Is 19 a factor of 143889391?
False
Is 149874489 a multiple of 19?
True
Does 3057 divide 634838019?
True
Is 486449112 a multiple of 417?
False
Is 6450874 a multiple of 4?
False
Is 12 a factor of 2535810936?
True
Does 900 divide 1017496251?
False
Does 781 divide 1325134516?
False
Is 100910214 a multiple of 728?
False
Is 300 a factor of 1693203990?
False
Is 383 a factor of 626270876?
True
Is 3853 a factor of 2089489606?
True
Is 517445751 a multiple of 47?
False
Does 169 divide 3167217677?
True
Is 26439400 a multiple of 10?
True
Is 9 a factor of 1192463?
False
Is 69370283 a multiple of 229?
True
Is 42184206 a multiple of 9?
True
Is 2655904828 a multiple of 12?
False
Does 406 divide 191661638?
True
Is 6 a factor of 78965580?
True
Is 2993753287 a multiple of 2701?
True
Is 216019485 a multiple of 1455?
True
Is 55 a factor of 1069548294?
False
Is 17 a factor of 286051656?
True
Does 1206 divide 177117984?
True
Does 15 divide 118485960?
True
Does 509 divide 1668507090?
True
Does 162 divide 18484200?
True
Is 2227542 a multiple of 6?
True
Is 130146468 a multiple of 757?
True
Is 279 a factor of 26437203?
True
Is 1894499340 a multiple of 3048?
False
Is 28369818 a multiple of 2403?
True
Does 78 divide 23173112?
False
Is 4975 a factor of 330374825?
True
Is 3510 a factor of 89024130?
True
Is 95813556 a multiple of 35?
False
Is 195891051 a multiple of 84?
False
Is 1107 a factor of 1238281568?
False
Is 111 a factor of 4307466?
True
Does 119 divide 57426829?
False
Does 116 divide 1211461993?
False
Is 3006 a factor of 84149964?
True
Is 88704454 a multiple of 1579?
False
Is 514 a factor of 104450968?
True
Does 246 divide 126220766?
False
Does 183 divide 30016605?
False
Is 12 a factor of 2088432?
True
Does 112 divide 34149384?
False
Is 2371634583 a multiple of 5752?
False
Is 87 a factor of 102378990?
True
Does 41 divide 620447793?
True
Does 12 divide 2969341956?
True
Is 3179 a factor of 1810415068?
True
Is 1689269229 a multiple of 139?
False
Is 149 a factor of 116772790?
True
Is 8 a factor of 82695804?
False
Is 1089 a factor of 45607320?
True
Does 144 divide 1841472?
True
Is 32808940 a multiple of 896?
False
Is 565 a factor of 1606139625?
True
Is 62 a factor of 174235562?
True
Is 4 a factor of 449236317?
False
Is 97685533 a multiple of 2030?
False
Is 1791 a factor of 61816365?
True
Does 53 divide 3042322695?
True
Is 12 a facto